 when (-608)/(-18) + (-8)/(-36) is divided by r?
10
Let z(x) = -31*x + 437. Calculate the remainder when 267 is divided by z(13).
29
Let k(w) be the third derivative of 19*w**5/60 + w**4/12 - w**3/3 + 2*w**2. Suppose 0 = -3*q + 4*q - 20. What is the remainder when k(2) is divided by q?
18
Suppose m = 111 - 9. Suppose 546 + 609 = 33*a. Calculate the remainder when m is divided by a.
32
Let h(p) be the first derivative of -p**3/3 + 5*p**2 - 11*p + 2. Let f be h(11). Let n = f + 24. What is the remainder when n is divided by 1?
0
Let t(b) = 10 - 3*b**2 - 14 + 4*b**2 - 2*b. What is the remainder when 16 is divided by t(-3)?
5
Suppose 0 = 31*i - 28*i - 3, -2*i = q - 1453. What is the remainder when q is divided by 132?
131
Calculate the remainder when 257 is divided by 78/(-18)*12*-1.
49
Suppose -5*s + q + 34 = -74, -5*s - 4*q = -118. Suppose -x - 450 = -4*x. What is the remainder when x is divided by s?
18
Let r(q) = q**3 - 29*q**2 + 27*q + 56. Calculate the remainder when 80 is divided by r(28).
24
Let v = 57 + -101. Let x = 55 + v. Calculate the remainder when x is divided by 7.
4
Suppose 3*v = -4*z + 7*v + 48, -4*z = -v - 57. Calculate the remainder when z is divided by 13.
2
Suppose 0 = -4*n - 8, -2*n + 12 = -2*x - 5*n. Calculate the remainder when ((-112)/(-8))/((x - -2)/(-2)) is divided by 9.
1
Let w = -601 - -662. Calculate the remainder when w is divided by 32.
29
Calculate the remainder when 18 is divided by ((-36)/(-20))/((-15)/(-100)).
6
Let q = 178 - 167. Let k(h) = h**3 - 5*h**2 - 2*h - 10. Calculate the remainder when k(7) is divided by q.
8
Suppose 3*j - 6*j = -5*v + 171, 0 = -2*v - 5*j + 56. Calculate the remainder when ((-12)/(-15))/(-1 + (-494)/(-490)) is divided by v.
32
Suppose 5*o + 25 = 0, -2*o - 310 = -3*g - 2*g. Let h = -43 + g. Suppose 4*k = 16 + 24. Calculate the remainder when h is divided by k.
7
Let s be 1*(-16 - (2 + -6 - 0)). Calculate the remainder when 79 is divided by (s/(-3))/(2/8).
15
What is the remainder when (126 - 8 - 4) + -1*3 is divided by 39?
33
Suppose -2*s = -2*k + 3 + 51, 6 = -2*s. What is the remainder when 332 is divided by k?
20
Let s = -35 - -49. Let t be 6515/(-40) + (-4)/32. Let w = 230 + t. Calculate the remainder when w is divided by s.
11
Let u = 1 - -14. Let x(d) = -4*d + 22. Calculate the remainder when x(-5) is divided by u.
12
Suppose 2*r = -2*r - 8. Let s be 1/r - (-37)/2. What is the remainder when 44 is divided by (-6)/(-27) - (-410)/s?
21
Suppose -11*p + 9*p = -18. Suppose -3*i - 5*r = -111, -50 - 49 = -2*i + 5*r. What is the remainder when i is divided by p?
6
Suppose 2*i - 4*i = 0. Suppose -w = -3*d - 10, -w + i*d = -2*d - 11. What is the remainder when 75 is divided by w?
10
Let o be 1*(1 + 2)*1. Suppose 6*b - b = b. Suppose b*d = d - o. Calculate the remainder when 3 is divided by d.
0
Let m be (-12)/(-30) + (-3)/(-5). Let o be (-4*(-1 - -2))/m. Let a(n) = -5*n + 3. Calculate the remainder when 89 is divided by a(o).
20
Suppose -27 + 12 = -5*m. Suppose -2*y - 28 = -m*y. Suppose 0 = 5*s - y - 37. Calculate the remainder when 62 is divided by s.
10
Suppose 3*i - 5*m + 74 = 371, 0 = 2*i - 3*m - 197. What is the remainder when 367 is divided by i?
85
What is the remainder when 331 is divided by (-5 - -3) + 52 - (6 + -12)?
51
Let t be (2 - 29/(-2))*-2. Let k = t + 52. Let f = -45 - -50. Calculate the remainder when k is divided by f.
4
Let x be (-4)/(-10) + 166/10. Suppose -x = 2*w + 3*q - 64, q = -3*w + 60. What is the remainder when (-222)/74*1/(3/(-35)) is divided by w?
16
Let j(h) = 5*h**2 - 4*h + 2. Let o be ((-63)/(-18))/(1/(-2)). Let g = -2 - o. Calculate the remainder when j(2) is divided by g.
4
Let y = -27 + 35. Calculate the remainder when 58 is divided by 158/y - 17/(-68).
18
Suppose -12 = 4*d - w, -4 = d - 4*w - 1. Let q be 4/8*(-42)/d. Suppose -q*o + 3*o = -56. Calculate the remainder when o is divided by 8.
6
Let d be -3 + 6 + 11 + 1. Suppose -b - 4*b + d = 0. Suppose b*n = -2*n + 40. Calculate the remainder when 23 is divided by n.
7
Suppose 0 = -228*d + 240*d - 204. Calculate the remainder when 507 is divided by d.
14
Suppose 0*a + 144 = 6*a. Calculate the remainder when 64 is divided by a.
16
Let j be -2 + 1 + 28/4. Let l = -1 + j. Suppose -4*r + 74 = -3*t - 26, 5*r + 5*t = 90. Calculate the remainder when r is divided by l.
2
Let w(m) = m**3 + 43*m**2 - 51*m - 176. Calculate the remainder when w(-44) is divided by 24.
12
Let x(j) = -6*j - 4. Let l be x(-3). Let c = l + 11. What is the remainder when c is divided by 7?
4
Suppose 256 - 10176 = -80*x. Calculate the remainder when x is divided by 32.
28
Let t = 52 - 19. Let a = -50 - -82. Calculate the remainder when a is divided by 3*(t/9 - 0).
10
Let g = 12 + -22. Let h be -2 + -1*g/2. Suppose -11 - 4 = -h*v. Calculate the remainder when 14 is divided by v.
4
Suppose m + 4 = -m. Let w be 5/(-25) - m/10. Suppose -4*i - 2*g + 82 = 0, w = -i + 2*g - 7*g + 16. What is the remainder when i is divided by 12?
9
Suppose 2*d + 0*d - 156 = 0. Suppose -3*g + 378 = d. Calculate the remainder when g is divided by 17.
15
Let m be 14 + -5 + 4 + 3. Calculate the remainder when 32 is divided by -2 + (-76)/m*-4.
15
Suppose 2*k + 19 = 3*k + 4*v, 4*v - 79 = -5*k. Let r = 100 + -52. Let h = r - 4. Calculate the remainder when h is divided by k.
14
Suppose 2*t = 3*u + 267, -3*u + 297 = 4*t - 2*t. What is the remainder when t is divided by 24?
21
Let r be (-8)/((-16)/(-6)) - -29. Suppose -23*v + r*v = 30. Calculate the remainder when 35 is divided by v.
5
Let i(z) = -14*z - 43. Calculate the remainder when 158 is divided by i(-7).
48
Let b = -508 - -534. Calculate the remainder when 71 is divided by b.
19
Let c(i) = i**3 - 18*i**2 + 14*i - 37. Let z be c(17). Calculate the remainder when 37 is divided by (z/(-16))/((-3)/(-6)).
4
Calculate the remainder when 191/(1/(9 + -8)) is divided by 32.
31
Let d = 1799 - 1780. Let m(j) = 38*j - 2. What is the remainder when m(2) is divided by d?
17
Let q = 35 - 32. Suppose -3*s = -n - 83, -q*s - 5*n + 105 = 2*s. What is the remainder when s is divided by 19?
7
Suppose -4*n = 2*q - 4, 5*q + 2*n - 19 = 7. Let z(y) = y**2 - 3*y - 6. Let c be z(q). Calculate the remainder when 19 is divided by (-2)/(-2)*(-1 + c).
8
Suppose -3*a - 24 + 3 = 0. Let t(q) = q**3 + 11*q**2 + 8*q. Let k be t(a). Suppose -12*u = -17*u + k. Calculate the remainder when u is divided by 10.
8
Suppose 3*b + 21 = 123. Let n(i) = -i**3 - 8*i**2 - 8*i - 4. Let s be n(-7). What is the remainder when b is divided by -9*s/(-4 - -1)?
7
Let o(r) = r**2 - 3*r + 6. Let g be (44/(-6))/(1468/(-366) + 4). Suppose -10*k = k - g. Calculate the remainder when k is divided by o(5).
13
Let f = -737 + 742. Suppose 2*x = -2*x + 16. What is the remainder when f is divided by x?
1
Suppose 0 = -6*v + 325 - 13. Calculate the remainder when v is divided by 15.
7
Suppose 0 = -5*r - g + 593, 8*r + 4*g - 366 = 5*r. What is the remainder when r is divided by 71?
47
Let s(o) = 7*o**2 - 12. What is the remainder when s(3) is divided by 26?
25
Calculate the remainder when 165 is divided by (4/(16/28))/(2/16).
53
Let c = -181 + 274. Suppose c = 4*k - 135. Let w = k - 36. Calculate the remainder when w is divided by 12.
9
Suppose a - 2*a = 0. Let q = a - -10. Let v(p) = 2*p - 7. What is the remainder when v(18) is divided by q?
9
Let j be ((-6)/4)/((-54)/288). Let g(f) = 2*f - f**2 + 0*f + 10 + 6*f. Calculate the remainder when 18 is divided by g(j).
8
Suppose -2*t = -x - 109, 3*x - 152 - 7 = -3*t. Let j = t + -13. What is the remainder when j is divided by 21?
20
Suppose 0 = -11*y - 70 + 587. Suppose 3*t - y = 7. What is the remainder when 49 is divided by t?
13
Suppose 3*z = -5*u - 0*z + 106, 4*u - 3*z = 101. What is the remainder when u is divided by 9?
5
Suppose 0 = -2*z - 2*a - 58, 4*z - 2*a + 24 = -68. Let t(p) = p**2 + 26*p + 35. Calculate the remainder when 49 is divided by t(z).
9
Suppose l - 3*l + 17 = b, 3*b + 2*l = 67. What is the remainder when 33 is divided by b?
8
Suppose -s = -55 + 32. Calculate the remainder when 247 is divided by s.
17
Suppose -39 = -l - 9. What is the remainder when 86 is divided by l?
26
Suppose 3*g = 7*g + 8. Let l = g - -10. Let w = 56 - l. What is the remainder when w is divided by 17?
14
Let z(d) = 7*d**3 - 3*d**3 - 427*d + 